{"id":4113,"date":"2021-04-06T11:01:50","date_gmt":"2021-04-06T09:01:50","guid":{"rendered":"http:\/\/parolesdeplumes.com\/?page_id=4113"},"modified":"2021-04-06T11:21:58","modified_gmt":"2021-04-06T09:21:58","slug":"tes-res","status":"publish","type":"page","link":"https:\/\/parolesdeplumes.com\/index.php\/tes-res\/","title":{"rendered":"Tes ressources gratuites"},"content":{"rendered":"\t\t<div data-elementor-type=\"wp-page\" data-elementor-id=\"4113\" class=\"elementor elementor-4113\">\n\t\t\t\t\t\t\t\t\t<section class=\"elementor-section elementor-top-section elementor-element elementor-element-038c84c elementor-section-boxed elementor-section-height-default elementor-section-height-default\" data-id=\"038c84c\" data-element_type=\"section\">\n\t\t\t\t\t\t<div class=\"elementor-container elementor-column-gap-default\">\n\t\t\t\t\t<div class=\"elementor-column elementor-col-100 elementor-top-column elementor-element elementor-element-d47b228\" data-id=\"d47b228\" data-element_type=\"column\">\n\t\t\t<div class=\"elementor-widget-wrap elementor-element-populated\">\n\t\t\t\t\t\t\t\t<div class=\"elementor-element elementor-element-d281f65 elementor-widget elementor-widget-text-editor\" data-id=\"d281f65\" data-element_type=\"widget\" data-widget_type=\"text-editor.default\">\n\t\t\t\t<div class=\"elementor-widget-container\">\n\t\t\t\t\t\t\t<p>Ici, d\u00e9couvre toutes les ressources gratuites que je mets \u00e0 ta disposition pour t&#8217;aider \u00e0 devenir l&#8217;auteur et le communiquant que tu souhaites !\u00a0<\/p>\t\t\t\t\t\t<\/div>\n\t\t\t\t<\/div>\n\t\t\t\t\t<\/div>\n\t\t<\/div>\n\t\t\t\t\t\t\t<\/div>\n\t\t<\/section>\n\t\t\t\t<section class=\"elementor-section elementor-top-section elementor-element elementor-element-04a728f elementor-section-boxed elementor-section-height-default elementor-section-height-default\" data-id=\"04a728f\" data-element_type=\"section\">\n\t\t\t\t\t\t<div class=\"elementor-container elementor-column-gap-default\">\n\t\t\t\t\t<div class=\"elementor-column elementor-col-33 elementor-top-column elementor-element elementor-element-f5cd89a\" data-id=\"f5cd89a\" data-element_type=\"column\">\n\t\t\t<div class=\"elementor-widget-wrap elementor-element-populated\">\n\t\t\t\t\t\t\t\t<div class=\"elementor-element elementor-element-226ff85 elementor-widget elementor-widget-heading\" data-id=\"226ff85\" data-element_type=\"widget\" data-widget_type=\"heading.default\">\n\t\t\t\t<div class=\"elementor-widget-container\">\n\t\t\t<h2 class=\"elementor-heading-title elementor-size-default\">Ton planning de soumissions<\/h2>\t\t<\/div>\n\t\t\t\t<\/div>\n\t\t\t\t<div class=\"elementor-element elementor-element-161362d elementor-widget elementor-widget-image\" data-id=\"161362d\" data-element_type=\"widget\" data-widget_type=\"image.default\">\n\t\t\t\t<div class=\"elementor-widget-container\">\n\t\t\t\t\t\t\t\t\t\t\t\t\t\t\t\t<a href=\"http:\/\/parolesdeplumes.com\/wp-content\/uploads\/2021\/03\/Ton_planning_de_soumissions-1.pdf\">\n\t\t\t\t\t\t\t<img width=\"500\" height=\"500\" src=\"https:\/\/parolesdeplumes.com\/wp-content\/uploads\/2021\/03\/vignette_planning_ME.png\" class=\"attachment-large size-large\" alt=\"\" loading=\"lazy\" srcset=\"https:\/\/parolesdeplumes.com\/wp-content\/uploads\/2021\/03\/vignette_planning_ME.png 500w, https:\/\/parolesdeplumes.com\/wp-content\/uploads\/2021\/03\/vignette_planning_ME-300x300.png 300w, https:\/\/parolesdeplumes.com\/wp-content\/uploads\/2021\/03\/vignette_planning_ME-150x150.png 150w\" sizes=\"(max-width: 500px) 100vw, 500px\" \/>\t\t\t\t\t\t\t\t<\/a>\n\t\t\t\t\t\t\t\t\t\t\t\t\t\t\t<\/div>\n\t\t\t\t<\/div>\n\t\t\t\t<div class=\"elementor-element elementor-element-e210c07 elementor-align-center elementor-widget elementor-widget-button\" data-id=\"e210c07\" data-element_type=\"widget\" data-widget_type=\"button.default\">\n\t\t\t\t<div class=\"elementor-widget-container\">\n\t\t\t\t\t<div class=\"elementor-button-wrapper\">\n\t\t\t<a href=\"http:\/\/parolesdeplumes.com\/wp-content\/uploads\/2021\/03\/Ton_planning_de_soumissions.pdf\" class=\"elementor-button-link elementor-button elementor-size-xs\" role=\"button\">\n\t\t\t\t\t\t<span class=\"elementor-button-content-wrapper\">\n\t\t\t\t\t\t<span class=\"elementor-button-text\">T\u00e9l\u00e9charger<\/span>\n\t\t<\/span>\n\t\t\t\t\t<\/a>\n\t\t<\/div>\n\t\t\t\t<\/div>\n\t\t\t\t<\/div>\n\t\t\t\t\t<\/div>\n\t\t<\/div>\n\t\t\t\t<div class=\"elementor-column elementor-col-33 elementor-top-column elementor-element elementor-element-72df23c\" data-id=\"72df23c\" data-element_type=\"column\">\n\t\t\t<div class=\"elementor-widget-wrap elementor-element-populated\">\n\t\t\t\t\t\t\t\t<div class=\"elementor-element elementor-element-688e670 elementor-widget elementor-widget-heading\" data-id=\"688e670\" data-element_type=\"widget\" data-widget_type=\"heading.default\">\n\t\t\t\t<div class=\"elementor-widget-container\">\n\t\t\t<h2 class=\"elementor-heading-title elementor-size-default\">30 sujets de publications<\/h2>\t\t<\/div>\n\t\t\t\t<\/div>\n\t\t\t\t<div class=\"elementor-element elementor-element-aa046ac elementor-widget elementor-widget-image\" data-id=\"aa046ac\" data-element_type=\"widget\" data-widget_type=\"image.default\">\n\t\t\t\t<div class=\"elementor-widget-container\">\n\t\t\t\t\t\t\t\t\t\t\t\t\t\t\t\t<a href=\"http:\/\/parolesdeplumes.com\/wp-content\/uploads\/2021\/03\/30_idees_de_posts-1.pdf\">\n\t\t\t\t\t\t\t<img width=\"500\" height=\"500\" src=\"https:\/\/parolesdeplumes.com\/wp-content\/uploads\/2021\/03\/vignette_30_idees_de_posts_1.png\" class=\"attachment-large size-large\" alt=\"\" loading=\"lazy\" srcset=\"https:\/\/parolesdeplumes.com\/wp-content\/uploads\/2021\/03\/vignette_30_idees_de_posts_1.png 500w, https:\/\/parolesdeplumes.com\/wp-content\/uploads\/2021\/03\/vignette_30_idees_de_posts_1-300x300.png 300w, https:\/\/parolesdeplumes.com\/wp-content\/uploads\/2021\/03\/vignette_30_idees_de_posts_1-150x150.png 150w\" sizes=\"(max-width: 500px) 100vw, 500px\" \/>\t\t\t\t\t\t\t\t<\/a>\n\t\t\t\t\t\t\t\t\t\t\t\t\t\t\t<\/div>\n\t\t\t\t<\/div>\n\t\t\t\t<div class=\"elementor-element elementor-element-969ecce elementor-align-center elementor-widget elementor-widget-button\" data-id=\"969ecce\" data-element_type=\"widget\" data-widget_type=\"button.default\">\n\t\t\t\t<div class=\"elementor-widget-container\">\n\t\t\t\t\t<div class=\"elementor-button-wrapper\">\n\t\t\t<a href=\"http:\/\/parolesdeplumes.com\/wp-content\/uploads\/2021\/03\/30_idees_de_posts.pdf\" class=\"elementor-button-link elementor-button elementor-size-xs\" role=\"button\">\n\t\t\t\t\t\t<span class=\"elementor-button-content-wrapper\">\n\t\t\t\t\t\t<span class=\"elementor-button-text\">T\u00e9l\u00e9charger<\/span>\n\t\t<\/span>\n\t\t\t\t\t<\/a>\n\t\t<\/div>\n\t\t\t\t<\/div>\n\t\t\t\t<\/div>\n\t\t\t\t\t<\/div>\n\t\t<\/div>\n\t\t\t\t<div class=\"elementor-column elementor-col-33 elementor-top-column elementor-element elementor-element-7b5c9d3\" data-id=\"7b5c9d3\" data-element_type=\"column\">\n\t\t\t<div class=\"elementor-widget-wrap elementor-element-populated\">\n\t\t\t\t\t\t\t\t<div class=\"elementor-element elementor-element-d1efdd4 elementor-widget elementor-widget-heading\" data-id=\"d1efdd4\" data-element_type=\"widget\" data-widget_type=\"heading.default\">\n\t\t\t\t<div class=\"elementor-widget-container\">\n\t\t\t<h2 class=\"elementor-heading-title elementor-size-default\">Ton habit tracker<\/h2>\t\t<\/div>\n\t\t\t\t<\/div>\n\t\t\t\t<div class=\"elementor-element elementor-element-ca85849 elementor-widget elementor-widget-image\" data-id=\"ca85849\" data-element_type=\"widget\" data-widget_type=\"image.default\">\n\t\t\t\t<div class=\"elementor-widget-container\">\n\t\t\t\t\t\t\t\t\t\t\t\t\t\t\t\t<a href=\"http:\/\/parolesdeplumes.com\/wp-content\/uploads\/2021\/03\/habittracker_pdp-1.pdf\">\n\t\t\t\t\t\t\t<img width=\"500\" height=\"500\" src=\"https:\/\/parolesdeplumes.com\/wp-content\/uploads\/2021\/03\/vignette_habittracker.png\" class=\"attachment-large size-large\" alt=\"\" loading=\"lazy\" srcset=\"https:\/\/parolesdeplumes.com\/wp-content\/uploads\/2021\/03\/vignette_habittracker.png 500w, https:\/\/parolesdeplumes.com\/wp-content\/uploads\/2021\/03\/vignette_habittracker-300x300.png 300w, https:\/\/parolesdeplumes.com\/wp-content\/uploads\/2021\/03\/vignette_habittracker-150x150.png 150w\" sizes=\"(max-width: 500px) 100vw, 500px\" \/>\t\t\t\t\t\t\t\t<\/a>\n\t\t\t\t\t\t\t\t\t\t\t\t\t\t\t<\/div>\n\t\t\t\t<\/div>\n\t\t\t\t<div class=\"elementor-element elementor-element-0a87c85 elementor-align-center elementor-widget elementor-widget-button\" data-id=\"0a87c85\" data-element_type=\"widget\" data-widget_type=\"button.default\">\n\t\t\t\t<div class=\"elementor-widget-container\">\n\t\t\t\t\t<div class=\"elementor-button-wrapper\">\n\t\t\t<a href=\"http:\/\/parolesdeplumes.com\/wp-content\/uploads\/2021\/03\/habittracker_pdp.pdf\" class=\"elementor-button-link elementor-button elementor-size-xs\" role=\"button\">\n\t\t\t\t\t\t<span class=\"elementor-button-content-wrapper\">\n\t\t\t\t\t\t<span class=\"elementor-button-text\">T\u00e9l\u00e9charger<\/span>\n\t\t<\/span>\n\t\t\t\t\t<\/a>\n\t\t<\/div>\n\t\t\t\t<\/div>\n\t\t\t\t<\/div>\n\t\t\t\t\t<\/div>\n\t\t<\/div>\n\t\t\t\t\t\t\t<\/div>\n\t\t<\/section>\n\t\t\t\t\t\t\t<\/div>\n\t\t","protected":false},"excerpt":{"rendered":"<p>Ici, d\u00e9couvre toutes les ressources gratuites que je mets \u00e0 ta disposition pour t&#8217;aider \u00e0 devenir l&#8217;auteur et le communiquant que tu souhaites !&nbsp; Ton planning de soumissions T\u00e9l\u00e9charger 30 sujets de publications T\u00e9l\u00e9charger Ton habit tracker T\u00e9l\u00e9charger<\/p>\n<a class=\"button more-link\" href=\"https:\/\/parolesdeplumes.com\/index.php\/tes-res\/\">Read More<\/a>","protected":false},"author":1,"featured_media":0,"parent":0,"menu_order":0,"comment_status":"closed","ping_status":"closed","template":"","meta":{"_genesis_hide_title":false,"_genesis_hide_breadcrumbs":false,"_genesis_hide_singular_image":false,"_genesis_hide_footer_widgets":false,"_genesis_custom_body_class":"","_genesis_custom_post_class":"","_genesis_layout":""},"yoast_head":"<!-- This site is optimized with the Yoast SEO plugin v19.2 - https:\/\/yoast.com\/wordpress\/plugins\/seo\/ -->\n<title>Tes ressources gratuites - Paroles de plumes<\/title>\n<meta name=\"robots\" content=\"index, follow, max-snippet:-1, max-image-preview:large, max-video-preview:-1\" \/>\n<link rel=\"canonical\" href=\"https:\/\/parolesdeplumes.com\/index.php\/tes-res\/\" \/>\n<meta property=\"og:locale\" content=\"en_US\" \/>\n<meta property=\"og:type\" content=\"article\" \/>\n<meta property=\"og:title\" content=\"Tes ressources gratuites - Paroles de plumes\" \/>\n<meta property=\"og:description\" content=\"Ici, d\u00e9couvre toutes les ressources gratuites que je mets \u00e0 ta disposition pour t&#8217;aider \u00e0 devenir l&#8217;auteur et le communiquant que tu souhaites !&nbsp; Ton planning de soumissions T\u00e9l\u00e9charger 30 sujets de publications T\u00e9l\u00e9charger Ton habit tracker T\u00e9l\u00e9charger\" \/>\n<meta property=\"og:url\" content=\"https:\/\/parolesdeplumes.com\/index.php\/tes-res\/\" \/>\n<meta property=\"og:site_name\" content=\"Paroles de plumes\" \/>\n<meta property=\"article:modified_time\" content=\"2021-04-06T09:21:58+00:00\" \/>\n<meta property=\"og:image\" content=\"http:\/\/parolesdeplumes.com\/wp-content\/uploads\/2021\/03\/vignette_planning_ME.png\" \/>\n<meta name=\"author\" content=\"Marie F Florie\" \/>\n<meta name=\"twitter:card\" content=\"summary_large_image\" \/>\n<meta name=\"twitter:label1\" content=\"Est. reading time\" \/>\n\t<meta name=\"twitter:data1\" content=\"1 minute\" \/>\n<script type=\"application\/ld+json\" class=\"yoast-schema-graph\">{\"@context\":\"https:\/\/schema.org\",\"@graph\":[{\"@type\":\"WebSite\",\"@id\":\"https:\/\/parolesdeplumes.com\/#website\",\"url\":\"https:\/\/parolesdeplumes.com\/\",\"name\":\"Paroles de plumes\",\"description\":\"Le site qui aide les auteurs et maisons d&#039;\u00e9dition dans leur communication\",\"potentialAction\":[{\"@type\":\"SearchAction\",\"target\":{\"@type\":\"EntryPoint\",\"urlTemplate\":\"https:\/\/parolesdeplumes.com\/?s={search_term_string}\"},\"query-input\":\"required name=search_term_string\"}],\"inLanguage\":\"en-US\"},{\"@type\":\"ImageObject\",\"inLanguage\":\"en-US\",\"@id\":\"https:\/\/parolesdeplumes.com\/index.php\/tes-res\/#primaryimage\",\"url\":\"http:\/\/parolesdeplumes.com\/wp-content\/uploads\/2021\/03\/vignette_planning_ME.png\",\"contentUrl\":\"http:\/\/parolesdeplumes.com\/wp-content\/uploads\/2021\/03\/vignette_planning_ME.png\"},{\"@type\":\"WebPage\",\"@id\":\"https:\/\/parolesdeplumes.com\/index.php\/tes-res\/#webpage\",\"url\":\"https:\/\/parolesdeplumes.com\/index.php\/tes-res\/\",\"name\":\"Tes ressources gratuites - Paroles de plumes\",\"isPartOf\":{\"@id\":\"https:\/\/parolesdeplumes.com\/#website\"},\"primaryImageOfPage\":{\"@id\":\"https:\/\/parolesdeplumes.com\/index.php\/tes-res\/#primaryimage\"},\"datePublished\":\"2021-04-06T09:01:50+00:00\",\"dateModified\":\"2021-04-06T09:21:58+00:00\",\"breadcrumb\":{\"@id\":\"https:\/\/parolesdeplumes.com\/index.php\/tes-res\/#breadcrumb\"},\"inLanguage\":\"en-US\",\"potentialAction\":[{\"@type\":\"ReadAction\",\"target\":[\"https:\/\/parolesdeplumes.com\/index.php\/tes-res\/\"]}]},{\"@type\":\"BreadcrumbList\",\"@id\":\"https:\/\/parolesdeplumes.com\/index.php\/tes-res\/#breadcrumb\",\"itemListElement\":[{\"@type\":\"ListItem\",\"position\":1,\"name\":\"Accueil\",\"item\":\"https:\/\/parolesdeplumes.com\/\"},{\"@type\":\"ListItem\",\"position\":2,\"name\":\"Tes ressources gratuites\"}]}]}<\/script>\n<!-- \/ Yoast SEO plugin. -->","yoast_head_json":{"title":"Tes ressources gratuites - Paroles de plumes","robots":{"index":"index","follow":"follow","max-snippet":"max-snippet:-1","max-image-preview":"max-image-preview:large","max-video-preview":"max-video-preview:-1"},"canonical":"https:\/\/parolesdeplumes.com\/index.php\/tes-res\/","og_locale":"en_US","og_type":"article","og_title":"Tes ressources gratuites - Paroles de plumes","og_description":"Ici, d\u00e9couvre toutes les ressources gratuites que je mets \u00e0 ta disposition pour t&#8217;aider \u00e0 devenir l&#8217;auteur et le communiquant que tu souhaites !&nbsp; Ton planning de soumissions T\u00e9l\u00e9charger 30 sujets de publications T\u00e9l\u00e9charger Ton habit tracker T\u00e9l\u00e9charger","og_url":"https:\/\/parolesdeplumes.com\/index.php\/tes-res\/","og_site_name":"Paroles de plumes","article_modified_time":"2021-04-06T09:21:58+00:00","og_image":[{"url":"http:\/\/parolesdeplumes.com\/wp-content\/uploads\/2021\/03\/vignette_planning_ME.png"}],"author":"Marie F Florie","twitter_card":"summary_large_image","twitter_misc":{"Est. reading time":"1 minute"},"schema":{"@context":"https:\/\/schema.org","@graph":[{"@type":"WebSite","@id":"https:\/\/parolesdeplumes.com\/#website","url":"https:\/\/parolesdeplumes.com\/","name":"Paroles de plumes","description":"Le site qui aide les auteurs et maisons d&#039;\u00e9dition dans leur communication","potentialAction":[{"@type":"SearchAction","target":{"@type":"EntryPoint","urlTemplate":"https:\/\/parolesdeplumes.com\/?s={search_term_string}"},"query-input":"required name=search_term_string"}],"inLanguage":"en-US"},{"@type":"ImageObject","inLanguage":"en-US","@id":"https:\/\/parolesdeplumes.com\/index.php\/tes-res\/#primaryimage","url":"http:\/\/parolesdeplumes.com\/wp-content\/uploads\/2021\/03\/vignette_planning_ME.png","contentUrl":"http:\/\/parolesdeplumes.com\/wp-content\/uploads\/2021\/03\/vignette_planning_ME.png"},{"@type":"WebPage","@id":"https:\/\/parolesdeplumes.com\/index.php\/tes-res\/#webpage","url":"https:\/\/parolesdeplumes.com\/index.php\/tes-res\/","name":"Tes ressources gratuites - Paroles de plumes","isPartOf":{"@id":"https:\/\/parolesdeplumes.com\/#website"},"primaryImageOfPage":{"@id":"https:\/\/parolesdeplumes.com\/index.php\/tes-res\/#primaryimage"},"datePublished":"2021-04-06T09:01:50+00:00","dateModified":"2021-04-06T09:21:58+00:00","breadcrumb":{"@id":"https:\/\/parolesdeplumes.com\/index.php\/tes-res\/#breadcrumb"},"inLanguage":"en-US","potentialAction":[{"@type":"ReadAction","target":["https:\/\/parolesdeplumes.com\/index.php\/tes-res\/"]}]},{"@type":"BreadcrumbList","@id":"https:\/\/parolesdeplumes.com\/index.php\/tes-res\/#breadcrumb","itemListElement":[{"@type":"ListItem","position":1,"name":"Accueil","item":"https:\/\/parolesdeplumes.com\/"},{"@type":"ListItem","position":2,"name":"Tes ressources gratuites"}]}]}},"_links":{"self":[{"href":"https:\/\/parolesdeplumes.com\/index.php\/wp-json\/wp\/v2\/pages\/4113"}],"collection":[{"href":"https:\/\/parolesdeplumes.com\/index.php\/wp-json\/wp\/v2\/pages"}],"about":[{"href":"https:\/\/parolesdeplumes.com\/index.php\/wp-json\/wp\/v2\/types\/page"}],"author":[{"embeddable":true,"href":"https:\/\/parolesdeplumes.com\/index.php\/wp-json\/wp\/v2\/users\/1"}],"replies":[{"embeddable":true,"href":"https:\/\/parolesdeplumes.com\/index.php\/wp-json\/wp\/v2\/comments?post=4113"}],"version-history":[{"count":7,"href":"https:\/\/parolesdeplumes.com\/index.php\/wp-json\/wp\/v2\/pages\/4113\/revisions"}],"predecessor-version":[{"id":4121,"href":"https:\/\/parolesdeplumes.com\/index.php\/wp-json\/wp\/v2\/pages\/4113\/revisions\/4121"}],"wp:attachment":[{"href":"https:\/\/parolesdeplumes.com\/index.php\/wp-json\/wp\/v2\/media?parent=4113"}],"curies":[{"name":"wp","href":"https:\/\/api.w.org\/{rel}","templated":true}]}}